{"id":251,"date":"2024-03-25T14:32:52","date_gmt":"2024-03-25T14:32:52","guid":{"rendered":"https:\/\/hajusteyliherkkyys.com\/?page_id=251"},"modified":"2024-08-02T18:03:42","modified_gmt":"2024-08-02T18:03:42","slug":"samegiella","status":"publish","type":"page","link":"https:\/\/hajusteyliherkkyys.com\/index.php\/samegiella\/","title":{"rendered":"S\u00e1megiella"},"content":{"rendered":"\n<p><a href=\"https:\/\/hajusteyliherkkyys.com\/wp-content\/uploads\/2024\/03\/esite_pohjoisaame_2023.pdf\" data-type=\"link\" data-id=\"https:\/\/hajusteyliherkkyys.com\/wp-content\/uploads\/2024\/03\/esite_pohjoisaame_2023.pdf\" target=\"_blank\" rel=\"noreferrer noopener\">died\u00e1hus<\/a><\/p>\n\n\n\n<h2 class=\"wp-block-heading\">Suoma H\u00e1dja\u00e1vnnas- ja Kemik\u00e1laliigeahearkkit<\/h2>\n\n\n\n<p>\u2022 Doaibm\u00e1 h\u00e1dja\u00e1vnnas- ja kemik\u00e1laliigeherkkiid ovdduidgoziheaddji searvin<br><br>\u2022 Doarju gill\u00e1jeaddjiid ja l\u00e1gida deaivvademiid olbmuide, geat leat seamm\u00e1 dilis<br><br>\u2022 Diediha h\u00e1dja\u00e1vnnas- ja kemik\u00e1laliigehearkivuoda birra<br>Buot h\u00e1dja\u00e1vnnas- ja kemik\u00e1laliigehearkkit ja sin lagamuccat dahje \u00e1\u0161\u0161is berosteaddjit leat buresboahtimat min searv\u00e1i.<\/p>\n\n\n\n<h2 class=\"wp-block-heading\">Oassi mis leat liigehearkkit h\u00e1dja\u00e1vdnasiidda dahje ear\u00e1 kemik\u00e1laide<\/h2>\n\n\n\n<p>Kemik\u00e1laliigehearkivuohta lass\u00e1na maidd\u00e1i Suomas. Hearkuma sivva ii leat diedus, muhto \u00e1\u0161\u0161i dutkojuvvo. Liigehearkivuoda d\u00e1ssi nupp\u00e1studd\u00e1 olbmos olbmui. Oassi h\u00e1dja\u00e1vnnasliigehearkkes olbmuin eall\u00e1 d\u00e1b\u00e1la\u0161 eallima, juos ie\u0161 ii geavat h\u00e1dja\u00e1vdnasiid. Nuppit fas reagerejit nu unna meriide, ahte omd. kemik\u00e1lat laga\u0161birrasa bassaladdan\u00e1vdnasiin dahje h\u00e1djac\u00e1ziin leat doarv\u00e1i dagahit garra d\u00e1vdamearkkaid.<\/p>\n\n\n\n<h2 class=\"wp-block-heading\">Maid ear\u00e1 d\u00e1vdamearkkaid liigehearkkes olbmot o\u017e\u017eot?<\/h2>\n\n\n\n<p>H\u00e1dja\u00e1vnnas- ja kemik\u00e1laliigehearkivuohta s\u00e1htt\u00e1 ilbmat m\u00e1\u014bgga l\u00e1hkai. Mihtilmas d\u00e1vdamearkkat leat h\u00e1jaid v\u00e1ikkuhusa ma\u014b\u014b\u00e1 oaiveb\u00e1vccas, ill\u00e1veadjin, calbme-, vuohccecuozza-, liike- ja vuoig\u014banv\u00e1ttut ja maidd\u00e1i oaivejorrama ja v\u00e1ibbasvuodal\u00e1gan d\u00e1b\u00e1la\u0161 d\u00e1vdamearkkat. Bah\u00e1mus d\u00e1hp\u00e1husas d\u00e1vdamearkkat estet oll\u00e1sit bargama dahje asto\u00e1igge golladeami dakk\u00e1r birrasis, gos leat diekk\u00e1r \u00e1vdnasat. Go liigehearkkes olmmo\u0161 ii g\u00e1rtta d\u00e1id \u00e1vdnasiid v\u00e1ikkuhusa vuoll\u00e1i, de sus eai leat d\u00e1vdamearkkat ja son veadj\u00e1 bures.<\/p>\n\n\n\n<h2 class=\"wp-block-heading\">Buhtes sis\u00e1ibmu lea eallineaktu h\u00e1dja\u00e1vnnas- ja kemik\u00e1laliigeherkkiide<\/h2>\n\n\n\n<p>D\u00e1n r\u00e1djai liigehearkivuoda ii leat s\u00e1htt\u00e1n buoredit d\u00e1lkasiiguin, vaikke muhtin d\u00e1lkasat s\u00e1httetge litnudit d\u00e1vdamearkkaid. Beaktileamos vuohki geahpedit d\u00e1vdamearkkaid lea daid dagaheaddji \u00e1\u0161\u0161iid garvin. Danin olgo- ja sis\u00e1immu buhtisvuohta lea deatala\u0161 kemik\u00e1laliigehearkkes olbmuide. Buhtes sis\u00e1ibmu oaivvilda earet buori \u00e1ibmomolsuma, de maidd\u00e1i dan ahte kemik\u00e1lat geavahuvvojit lanjain nu unn\u00e1n go vejola\u0161. Liigehearkkes olmmo\u0161 galgga\u0161ii danin oidit buktagiid, main eai leat h\u00e1dja\u00e1vdnasat ja eaktod\u00e1htola\u0161 M1-luohk\u00e1 materi\u00e1laid. L\u00e1ktasa dagahan vah\u00e1giid galg\u00e1 \u00e1lo divvut \u00e1iggi b\u00e1le, daningo guohppaga v\u00e1ikkuhus s\u00e1htt\u00e1 vear\u00e1skahttit liigehearkivuoda. H\u00e1dja\u00e1vnnas- ja kemik\u00e1laliigehearki s\u00e1htt\u00e1 maidd\u00e1i suddjet ie\u017eas persovnnala\u0161 suodjegaskaomiiguin.<\/p>\n\n\n\n<h2 class=\"wp-block-heading\">S\u00e1ht\u00e1t veahkehit liikehearkki<\/h2>\n\n\n\n<p>Juos du laga\u0161 olmmo\u0161 lea liigehearki h\u00e1dja\u00e1vdnasiidda, de s\u00e1ht\u00e1t veahkehit su nu ahte geavahat buktagiid, main eai leat h\u00e1dja\u00e1vdnasat ja doalat eardudeaddji \u00e1vdnasiid eret su laga\u0161 birrasis. Nj\u00e1lggah\u00e1ir\u00e1sit dahje mii fal h\u00e1dja\u00e1vnnasbuktagiid s\u00e1htt\u00e1 dahkat liigehearkkes olbmo dili unohassan. H\u00e1le\u0161 \u00e1\u0161\u0161is roahkkadit suinna ja doala lunddola\u0161 gaskavuoda daidda suddjenvugiide, maid son vejolaccat geavaha. H\u00e1dja\u00e1vnnas- ja kemik\u00e1laliigehearkin s\u00e1htt\u00e1 \u0161addat du\u0161\u0161e nu, ahte g\u00e1rt\u00e1 dakk\u00e1r \u00e1vdnasiid v\u00e1ikkuhusa vuoll\u00e1i. Danin laga\u0161birrasa kemik\u00e1lanoadi lea \u00e1lo d\u00e1rbu geahpedit. Go vealttat d\u00e1rbba\u0161meahttun kemik\u00e1laid geavaheami, de s\u00e1ht\u00e1t vealtat maidd\u00e1i dearvvasvuodav\u00e1ttisvuodaid.<\/p>\n\n\n\n<h2 class=\"wp-block-heading\">Searvva lahttun<\/h2>\n\n\n\n<p>Deavdde vuol\u00e1beale skovi ja s\u00e1dde dan Suomen Hajuste-ja Kemikaaliyliherkat ry.<br>hakeinfo@gmail.com.<\/p>\n\n\n\n<p>045 3536165 Heahtenummir gaskavahkku diibmu 9 \u201321.<br>Lahttom\u00e1ksu lea 15 \u20ac\/jahki.<\/p>\n\n\n\n<p>LAHTTUNSEARVANALMMUHUS<\/p>\n\n\n\n<p>Namma<br>Rieg\u00e1danjahki<br>Mailacujuhus<br>Telefonnummir<br>Cujuhus<br>Poastadoaibmab\u00e1iki<\/p>\n\n\n\n<p>Suomen Hajuste-ja Kemikaaliyliherkat ry.<br>(Suoma H\u00e1dja\u00e1vnnas- ja Kemik\u00e1laliigehearkkit)<br>http:\/\/www.hajusteyliherkkyys.com<br>hakeinfo@gmail.com<\/p>\n","protected":false},"excerpt":{"rendered":"<p>died\u00e1hus Suoma H\u00e1dja\u00e1vnnas- ja Kemik\u00e1laliigeahearkkit \u2022 Doaibm\u00e1 h\u00e1dja\u00e1vnnas- ja kemik\u00e1laliigeherkkiid ovdduidgoziheaddji searvin \u2022 Doarju gill\u00e1jeaddjiid ja l\u00e1gida deaivvademiid olbmuide, geat [&hellip;]<\/p>\n","protected":false},"author":1,"featured_media":0,"parent":0,"menu_order":0,"comment_status":"closed","ping_status":"closed","template":"","meta":{"_uag_custom_page_level_css":"","site-sidebar-layout":"default","site-content-layout":"","ast-site-content-layout":"default","site-content-style":"default","site-sidebar-style":"default","ast-global-header-display":"","ast-banner-title-visibility":"","ast-main-header-display":"","ast-hfb-above-header-display":"","ast-hfb-below-header-display":"","ast-hfb-mobile-header-display":"","site-post-title":"","ast-breadcrumbs-content":"","ast-featured-img":"","footer-sml-layout":"","ast-disable-related-posts":"","theme-transparent-header-meta":"","adv-header-id-meta":"","stick-header-meta":"","header-above-stick-meta":"","header-main-stick-meta":"","header-below-stick-meta":"","astra-migrate-meta-layouts":"default","ast-page-background-enabled":"default","ast-page-background-meta":{"desktop":{"background-color":"var(--ast-global-color-4)","background-image":"","background-repeat":"repeat","background-position":"center center","background-size":"auto","background-attachment":"scroll","background-type":"","background-media":"","overlay-type":"","overlay-color":"","overlay-opacity":"","overlay-gradient":""},"tablet":{"background-color":"","background-image":"","background-repeat":"repeat","background-position":"center center","background-size":"auto","background-attachment":"scroll","background-type":"","background-media":"","overlay-type":"","overlay-color":"","overlay-opacity":"","overlay-gradient":""},"mobile":{"background-color":"","background-image":"","background-repeat":"repeat","background-position":"center center","background-size":"auto","background-attachment":"scroll","background-type":"","background-media":"","overlay-type":"","overlay-color":"","overlay-opacity":"","overlay-gradient":""}},"ast-content-background-meta":{"desktop":{"background-color":"var(--ast-global-color-5)","background-image":"","background-repeat":"repeat","background-position":"center center","background-size":"auto","background-attachment":"scroll","background-type":"","background-media":"","overlay-type":"","overlay-color":"","overlay-opacity":"","overlay-gradient":""},"tablet":{"background-color":"var(--ast-global-color-5)","background-image":"","background-repeat":"repeat","background-position":"center center","background-size":"auto","background-attachment":"scroll","background-type":"","background-media":"","overlay-type":"","overlay-color":"","overlay-opacity":"","overlay-gradient":""},"mobile":{"background-color":"var(--ast-global-color-5)","background-image":"","background-repeat":"repeat","background-position":"center center","background-size":"auto","background-attachment":"scroll","background-type":"","background-media":"","overlay-type":"","overlay-color":"","overlay-opacity":"","overlay-gradient":""}},"footnotes":""},"class_list":["post-251","page","type-page","status-publish","hentry"],"uagb_featured_image_src":{"full":false,"thumbnail":false,"medium":false,"medium_large":false,"large":false,"1536x1536":false,"2048x2048":false},"uagb_author_info":{"display_name":"admin","author_link":"https:\/\/hajusteyliherkkyys.com\/author\/admin\/"},"uagb_comment_info":0,"uagb_excerpt":"died\u00e1hus Suoma H\u00e1dja\u00e1vnnas- ja Kemik\u00e1laliigeahearkkit \u2022 Doaibm\u00e1 h\u00e1dja\u00e1vnnas- ja kemik\u00e1laliigeherkkiid ovdduidgoziheaddji searvin \u2022 Doarju gill\u00e1jeaddjiid ja l\u00e1gida deaivvademiid olbmuide, geat [&hellip;]","_links":{"self":[{"href":"https:\/\/hajusteyliherkkyys.com\/index.php\/wp-json\/wp\/v2\/pages\/251","targetHints":{"allow":["GET"]}}],"collection":[{"href":"https:\/\/hajusteyliherkkyys.com\/index.php\/wp-json\/wp\/v2\/pages"}],"about":[{"href":"https:\/\/hajusteyliherkkyys.com\/index.php\/wp-json\/wp\/v2\/types\/page"}],"author":[{"embeddable":true,"href":"https:\/\/hajusteyliherkkyys.com\/index.php\/wp-json\/wp\/v2\/users\/1"}],"replies":[{"embeddable":true,"href":"https:\/\/hajusteyliherkkyys.com\/index.php\/wp-json\/wp\/v2\/comments?post=251"}],"version-history":[{"count":5,"href":"https:\/\/hajusteyliherkkyys.com\/index.php\/wp-json\/wp\/v2\/pages\/251\/revisions"}],"predecessor-version":[{"id":861,"href":"https:\/\/hajusteyliherkkyys.com\/index.php\/wp-json\/wp\/v2\/pages\/251\/revisions\/861"}],"wp:attachment":[{"href":"https:\/\/hajusteyliherkkyys.com\/index.php\/wp-json\/wp\/v2\/media?parent=251"}],"curies":[{"name":"wp","href":"https:\/\/api.w.org\/{rel}","templated":true}]}}