{"id":232,"date":"2024-03-25T13:59:00","date_gmt":"2024-03-25T13:59:00","guid":{"rendered":"https:\/\/hajusteyliherkkyys.com\/?page_id=232"},"modified":"2024-03-28T14:26:46","modified_gmt":"2024-03-28T14:26:46","slug":"sisailmasankarit","status":"publish","type":"page","link":"https:\/\/hajusteyliherkkyys.com\/index.php\/sisailmasankarit\/","title":{"rendered":"Sitke\u00e4t sis\u00e4ilmataistelijat"},"content":{"rendered":"\n<p>Yhdistys on vuodesta 2021 alkaen palkinnut sairastuneiden eteen merkitt\u00e4v\u00e4sti t\u00f6it\u00e4 tehneit\u00e4 ihmisi\u00e4 tai tahoja &#8221;Sis\u00e4ilmasankari&#8221;- kunniakirjoilla. Ensimm\u00e4isen kunniakirjan sai Rataskodit Oy, joka tekee kemikaaliyliherkkyyden takia kodittomille asunnoksi sopivia hirsivaunuja.Vuonna 2022 kunniakirjan sai l\u00e4\u00e4ketieteentohtori Saija Hyv\u00f6nen v\u00e4it\u00f6skirjastaan. Hyv\u00f6sen v\u00e4it\u00f6skirjasta selvisi mm., ett\u00e4 kosteusvaurioista k\u00e4rsineess\u00e4 K\u00e4til\u00f6opiston sairaalassa ty\u00f6skennelleist\u00e4 k\u00e4til\u00f6ist\u00e4 40 % sairastui kemikaaliyliherkkyyteen ja homeisella Oulun poliisilaitoksella aiemmin terveist\u00e4 poliiseista ja avustavaan henkil\u00f6kuntaan kuuluvista ty\u00f6ntekij\u00f6ist\u00e4 yli viidesosa eli 22 % sairastui ty\u00f6skentelyns\u00e4 aikana kemikaaliyliherkkyyteen, kun taas terveess\u00e4 toimistossa verrokeista vain 9 % k\u00e4rsi kemikaaliyliherkkyydest\u00e4(1) T\u00e4m\u00e4 osoittaa, ett\u00e4 homeisessa ty\u00f6paikassa ty\u00f6skentely nostaa selv\u00e4sti riski\u00e4 sairastua kemikaaliyliherkkyyteen.<\/p>\n\n\n\n<p>Yhdistyksemme perustamisesta tuli kuluneeksi viime vuonna 20 vuotta. Kes\u00e4ll\u00e4 2022 pidetyss\u00e4 vuosijuhlassa yhdistys antoi Sis\u00e4ilmasankari-Hake-20-vuotta \u2013teemakunniakirjan yhdistyksen perustajaj\u00e4senelle filosofian tohtori Jaana Ennarille. Yhdistysty\u00f6n lis\u00e4ksi Ennari on julkaissut vuonna 2015 kirjan Hajuste- ja Kemikaaliyliherkkyys \u2013 selviytymiskeinot. Kirjassa selostetaan perusasiat sairaudesta ja k\u00e4yd\u00e4\u00e4n l\u00e4pi niksej\u00e4, joiden avulla yliherkk\u00e4 voi selvit\u00e4 arjestaan. Kirjan voi lainata kirjastosta tai ostaa tiedostona 10 \u20ac:lla s\u00e4hk\u00f6postista:&nbsp;<a href=\"mailto:mcsopas.ennari@gmail.com\">mcsopas.ennari@gmail.com<\/a>.<\/p>\n\n\n\n<p>T\u00e4n\u00e4 vuonna 2023 tulee t\u00e4yteen 20-vuotta yhdistyksen rekister\u00f6innist\u00e4. Yhdistys pyysi viime vuonna j\u00e4seni\u00e4 ehdottamaan kunniankirjan ansaitsevia. Yhdistys on my\u00f6nt\u00e4nyt t\u00e4n\u00e4 vuonna 2023 &#8221;Sitke\u00e4 sis\u00e4ilmataistelija \u2013 Hake 20-vuotta&#8221; \u2013kunniakirjat eniten kannatusta saaneille, jotka ovat: Professorija l\u00e4\u00e4ketieteen tohtori Ville Valtonen, kliinisen mikrobiologian erikoisl\u00e4\u00e4k\u00e4ri ja l\u00e4\u00e4ketieteellisen mikrobiologian dosentti Tamara Tuuminen, mikrobiologi ja professori Mirja Salkinoja-Salonen, ty\u00f6terveyshuollon erikoisl\u00e4\u00e4k\u00e4ri ja ty\u00f6l\u00e4\u00e4ketieteen professori Tuula Putus sek\u00e4 l\u00e4\u00e4k\u00e4ri ja filosofian tohtori Erkki Antila.&nbsp;<\/p>\n\n\n\n<p>Mirja Salkinoja-Salonen on joukon ainut, joka ei ole l\u00e4\u00e4k\u00e4ri. H\u00e4n mikrobiologian professori, sis\u00e4ilmatutkimuksen pioneeri ja erikoistunut rakennuksissa kasvaviin kosteusvauriomikrobeihin. H\u00e4n on tehnyt ja ohjannut todella suuren m\u00e4\u00e4r\u00e4n merkitt\u00e4v\u00e4\u00e4 tutkimusta homeiden terveysvaikutuksista. Tutkimuksissa on havaittu hometalojen mikrobikasvustoista voivan eritty\u00e4 sis\u00e4ilmaan homemyrkkyj\u00e4 (kuten kereulidi, amylosiini, valinomysiini, trilogiinit sek\u00e4 akreboli A ja B).2,3 Rasvaliukoisina homemyrkyt kertyv\u00e4t elimist\u00f6\u00f6n ja poistuvat eritt\u00e4in hitaasti.<\/p>\n\n\n\n<p>Homemyrkkyjen terveysvaikutuksia ovat mm. mitokondrioiden vaurioituminen, ylim\u00e4\u00e4r\u00e4isten ionik\u00e4yt\u00e4vien muodostuminen solukalvoihin ja solujen kuoleminen. Mitokondriot vastaavat solun energian saannista. Niiden vaurioitumiseen liitettyj\u00e4 sairauksia ovat mm. dementia, Alzheimerin ja Parkinsonin tauti, epilepsia, migreeni, neuropaattinen kipu, diabetes, ataksia, syd\u00e4nlihasrappeuma ja sepelvaltimotauti.(4) Homemyrkyt my\u00f6s heikent\u00e4v\u00e4t ihmisen vastustuskyky\u00e4 ja tuhoavat mm.kuulohermon, hermoston ja haiman soluja altistaen mm. kaihille, dementialle ja diabetekselle.(5) Jatkuva altistus pienille m\u00e4\u00e4rille homemyrkkyj\u00e4 voi aiheuttaa elimist\u00f6\u00f6n kroonisen tulehduksen, jonka seurauksena veri-aivoeste voi vahingoittua. T\u00e4ll\u00f6in se p\u00e4\u00e4st\u00e4\u00e4 l\u00e4vitseen aivoihin haitallisetkemikaalit ja t\u00e4m\u00e4 voi johtaa kemikaaliyliherkkyyteen. Jotkut homemyrkyt lis\u00e4\u00e4v\u00e4t solukalvoissa natrium- ja kaliumkanavien m\u00e4\u00e4r\u00e4\u00e4.(3) T\u00e4m\u00e4 voi johtaa hermosolujen herkistymiseen ja sit\u00e4 kautta kemikaaliyliherkkyyteen.Salkinoja-Salosen ryhm\u00e4ss\u00e4 on my\u00f6s kehitetty erilaisia tapoja ottaa tilasta n\u00e4ytteit\u00e4 ja tutkia niiden myrkyllisyytt\u00e4. Salkinoja-Salonen jatkaa yh\u00e4 tutkimustaan.Uusimpana aluevaltauksena on rakennusmateriaalien vaikutus sis\u00e4ilmaan ja erityisesti sis\u00e4ilmaa puhdistavien materiaalien kehitt\u00e4minen, esim. saven sis\u00e4ilmaa parantava vaikutus. (6,7) H\u00e4n on my\u00f6s tuonut esille monien tavallisten kemikaalien mm. desinfiointiaineiden k\u00e4yt\u00f6n haitallisia vaikutuksia ihmisten terveyteen.Salkinoja-Salonen osallistuu yhteiskunnalliseen ty\u00f6h\u00f6n asiamme eteen. H\u00e4nelle on my\u00f6nnetty Kalevalanp\u00e4iv\u00e4n aattona 27.2.2023 Suomen Kulttuurirahaston palkinto merkitt\u00e4vist\u00e4 terveytt\u00e4 lis\u00e4\u00e4v\u00e4st\u00e4 kulttuuriteoista. V. 2013 h\u00e4net kutsuttiin American Academy of Microbiologyn j\u00e4seneksi<\/p>\n\n\n\n<p>Muut yhdistyksen kunniakirjan saaneet ovat l\u00e4\u00e4k\u00e4reit\u00e4. N\u00e4m\u00e4 l\u00e4\u00e4k\u00e4rit ovat auttaneet lukuisia kemikaaliyliherkki\u00e4 potilaita, joista osa ilmoitti kyseisen l\u00e4\u00e4k\u00e4rin jopa pelastaneen heid\u00e4n henkens\u00e4 tai ty\u00f6kykyns\u00e4. Erityisen l\u00e4mm\u00f6ll\u00e4 potilaat muistelivat jo el\u00e4kkeelle j\u00e4\u00e4nytt\u00e4 pitk\u00e4n uran tehnytt\u00e4<br>Ville Valtosta. Kaikki n\u00e4m\u00e4 l\u00e4\u00e4k\u00e4rit osallistuvat my\u00f6s yhteiskunnalliseen vaikuttamiseen. L\u00e4\u00e4k\u00e4rit Erkki Antila ja Tuula Putus pit\u00e4v\u00e4t yh\u00e4 my\u00f6s yksityisvastaanottoa. Professori Ville Valtonen on julkaissut huomanneensa kliinisess\u00e4 ty\u00f6ss\u00e4\u00e4n, ett\u00e4 noin puolelle kosteusvaurioista oireilevista puhkeaa altistuksen jatkuessa kemikaaliyliherkkyys.(8)<\/p>\n\n\n\n<p>L\u00e4\u00e4k\u00e4rit Tamara Tuuminen ja Erkki Antila julkaisivat kirjan Monikemikaaliyliherkkyys vuonna 2019. Siin\u00e4 he selitt\u00e4v\u00e4t, ett\u00e4 kemikaaliyliherkkyyden taustalla on elimist\u00f6n ep\u00e4normaali kyky poistaa kemikaaleja, voimakas radikaalien toiminta kehossa, vajavainen puolustusj\u00e4rjestelm\u00e4 ja neurogeeninen tulehdus. Oireiden laajenemista edist\u00e4\u00e4 aivo-veriesteen l\u00e4p\u00e4isevyyden lis\u00e4\u00e4ntyminen. Taudissa monet tulehduksen v\u00e4litt\u00e4j\u00e4aineiden arvot ovat ep\u00e4normaalit ja niiden lis\u00e4ksi kirjassa on mainittu yleisesti k\u00e4yt\u00f6ss\u00e4 olevia laboratoriotestej\u00e4, joita voitaisiin k\u00e4ytt\u00e4\u00e4 kemikaaliyliherkkyysdiagnoosin antamisessa tukena.<\/p>\n\n\n\n<p>Kemikaaliyliherkkyys voi puhjeta altistumisesta kemikaaleille tai kosteus- ja homevaurioille. N\u00e4m\u00e4 saavat aikaan kehoon kroonisia tulehduksia, jotka lis\u00e4\u00e4v\u00e4t elimist\u00f6n h\u00e4lytysj\u00e4rjestelmien herkkyytt\u00e4, esim. reseptoreiden yliaktivaatiota ja autonomisen hermoston herkistymist\u00e4. Kirjan myyntituotto ohjattiin yhdistyksemme hyv\u00e4ksi. Kirjan saa lainattua esim. p\u00e4\u00e4kaupunseudun kirjastosta.Tamara Tuuminen on julkaissut monia potilaita tukevia tieteellisi\u00e4 julkaisuja. H\u00e4n oli mukana my\u00f6s l\u00e4\u00e4k\u00e4ri Saija Hyv\u00f6sen v\u00e4it\u00f6skirjan teossa.&nbsp;<\/p>\n\n\n\n<p>Hyv\u00f6nen v\u00e4itteli Turussa viime vuonna professori Tuula Putuksen toimiessa kustoksena ja ty\u00f6n ohjaajana. Tuula Putus tekee edelleen merkitt\u00e4v\u00e4\u00e4<br>mikrobitutkimusta ja h\u00e4n on ohjannut vuosien varrella todella lukuisia v\u00e4it\u00f6skirjoja aiheesta. Monet Putuksen t\u00e4rke\u00e4t tutkimukset ovat k\u00e4sitelleet koulujen ja p\u00e4iv\u00e4kotien sis\u00e4ilmaongelmia. Putus on tutkimuksissaan osoittanut mm. ett\u00e4 sairaissa rakennuksissa esiintyy terveyshaittoja sek\u00e4 naisilla<br>ett\u00e4 miehill\u00e4 ja my\u00f6skin vaikka ty\u00f6 on vain v\u00e4h\u00e4n stressaavaa tai ty\u00f6 on innostavaa. Luomuruoka ja terveelliset elintavat eiv\u00e4t est\u00e4 oireilua, vaan sis\u00e4ilmaongelmista k\u00e4rsiv\u00e4ss\u00e4 Steiner-koulussa oireillaan kuten tavallisessakin sairaassa koulussa. Putus on havainnut, ett\u00e4 kun sairastila korjataan kunnolla, niin oireilu v\u00e4henee. Tiivistyskorjauksissa oireilu ei v\u00e4hene, vaan joskus jopa pahenee.(9,10)<\/p>\n\n\n\n<p>Viitteet:<br>1. Hyv\u00f6nen, S., \u201dPersistent respiratory problems, neurologic, cardiac, muscle and joint symptoms of occupants in water<br>and microbe damaged buildings\u201d, 2022, Turun yliopisto,&nbsp;<a href=\"https:\/\/urn.fi\/URN:ISBN:978-951-29-8875-4\" data-type=\"link\" data-id=\"https:\/\/urn.fi\/URN:ISBN:978-951-29-8875-4\" target=\"_blank\" rel=\"noreferrer noopener\">https:\/\/urn.fi\/URN:ISBN:978-951-29-8875-4<\/a><br>2. Andersson, M., Salkinoja-Salonen, M., Myrkylliset mikrobit sis\u00e4tiloissa, 1999, Hgin yliopisto. ISBN 951-45-8031-1.<br>3. Mikkola, R., Andersson, M. A., Kredics, L., Grigoriev, P. A., Sundell, N. and Salkinoja-Salonen, M. S. (2012), 20-<br>Residue and 11-residue peptaibols from the fungus Trichoderma longibrachiatum are synergistic in forming Na+\/K+-<br>permeable channels and adverse action towards mammalian cells. FEBS Journal, 279: 4172\u20134190.<br>4. Paradies G, Paradies V, Ruggiero FM, Petrosillo G. 2015. Protective role of melatonin in mitochondrial dysfunction<br>and related disorders. Arch Toxicol. Jun;89(6):923-39<br>5. Salkinoja-Salonen, M., Kosteusvaurioiden mikrobiologiaa ja toksikologiaa. Helsingin Yliopisto, Elintarvike- ja<br>Ymp\u00e4rist\u00f6tieteiden lts, Seminaariesitelm\u00e4 Funktionaalisen L\u00e4\u00e4ketieteen Yhdistys rY., \u201dKosteusvauriomikrobit ja<br>monikemikaaliherkkyys\u201d-miniseminaari, Porthania, Helsingin Yliopisto, 2.11.2012,<br><a href=\"https:\/\/tuhat.halvi.helsinki.fi\/portal\/files\/24338502\/FLYSalkinojaSalonenb.pdf\" data-type=\"link\" data-id=\"https:\/\/tuhat.halvi.helsinki.fi\/portal\/files\/24338502\/FLYSalkinojaSalonenb.pdf\" target=\"_blank\" rel=\"noreferrer noopener\">https:\/\/tuhat.halvi.helsinki.fi\/portal\/files\/24338502\/FLYSalkinojaSalonenb.pdf<\/a><br>6. Mirja Salkinoja-Salonen, Salla Ven\u00e4l\u00e4inen, Timo Hokkanen, Vesa T. Korhonen, Arto Visala, Panu Harmo, Juha<br>Vinha, Puu- ja savipohjaisten rakennusmateriaalien ominaisuuksia ja sis\u00e4ilmaemissioiden on-line havaintoja<br>Rakennusfysiikka 2021 (26.-28.10.2021, Tampere) : uusimmat tutkimustulokset ja hyv\u00e4t k\u00e4yt\u00e4nn\u00f6n ratkaisut. Vol. 1<br>7. Savetus toimii, Kuntalehti 5\/2023 sivut 52-53.<br>8. Valtonen V., Clinical Diagnosis of the Dampness and Mold Hypersensitivity Syndrome: Review of the Literature and<br>Suggested Diagnostic Criteria, Front Immunol. 2017 Aug 10;8:951. doi: 10.3389\/fimmu.2017.00951. Review.<br>9. Ty\u00f6suojelurahasto, Lupaava mittari homesairaiden tutkimuseen, 8.9.2017,<br><a href=\"https:\/\/www.sttinfo.fi\/tiedote\/lupaavamittari-homesairaiden-tutkimiseen?publisherId=2723&amp;releaseId=63120084\" target=\"_blank\" rel=\"noopener\">https:\/\/www.sttinfo.fi\/tiedote\/lupaavamittari-homesairaiden-tutkimiseen?publisherId=2723&amp;releaseId=63120084<\/a><br>10.&nbsp;<a href=\"https:\/\/www.utu.fi\/fi\/ihmiset\/tuula-putus\" target=\"_blank\" rel=\"noopener\">https:\/\/www.utu.fi\/fi\/ihmiset\/tuula-putus<\/a><\/p>\n","protected":false},"excerpt":{"rendered":"<p>Yhdistys on vuodesta 2021 alkaen palkinnut sairastuneiden eteen merkitt\u00e4v\u00e4sti t\u00f6it\u00e4 tehneit\u00e4 ihmisi\u00e4 tai tahoja &#8221;Sis\u00e4ilmasankari&#8221;- kunniakirjoilla. Ensimm\u00e4isen kunniakirjan sai Rataskodit [&hellip;]<\/p>\n","protected":false},"author":1,"featured_media":0,"parent":0,"menu_order":0,"comment_status":"closed","ping_status":"closed","template":"","meta":{"_uag_custom_page_level_css":"","site-sidebar-layout":"default","site-content-layout":"","ast-site-content-layout":"default","site-content-style":"default","site-sidebar-style":"default","ast-global-header-display":"","ast-banner-title-visibility":"","ast-main-header-display":"","ast-hfb-above-header-display":"","ast-hfb-below-header-display":"","ast-hfb-mobile-header-display":"","site-post-title":"","ast-breadcrumbs-content":"","ast-featured-img":"","footer-sml-layout":"","ast-disable-related-posts":"","theme-transparent-header-meta":"","adv-header-id-meta":"","stick-header-meta":"","header-above-stick-meta":"","header-main-stick-meta":"","header-below-stick-meta":"","astra-migrate-meta-layouts":"default","ast-page-background-enabled":"default","ast-page-background-meta":{"desktop":{"background-color":"var(--ast-global-color-4)","background-image":"","background-repeat":"repeat","background-position":"center center","background-size":"auto","background-attachment":"scroll","background-type":"","background-media":"","overlay-type":"","overlay-color":"","overlay-opacity":"","overlay-gradient":""},"tablet":{"background-color":"","background-image":"","background-repeat":"repeat","background-position":"center center","background-size":"auto","background-attachment":"scroll","background-type":"","background-media":"","overlay-type":"","overlay-color":"","overlay-opacity":"","overlay-gradient":""},"mobile":{"background-color":"","background-image":"","background-repeat":"repeat","background-position":"center center","background-size":"auto","background-attachment":"scroll","background-type":"","background-media":"","overlay-type":"","overlay-color":"","overlay-opacity":"","overlay-gradient":""}},"ast-content-background-meta":{"desktop":{"background-color":"var(--ast-global-color-5)","background-image":"","background-repeat":"repeat","background-position":"center center","background-size":"auto","background-attachment":"scroll","background-type":"","background-media":"","overlay-type":"","overlay-color":"","overlay-opacity":"","overlay-gradient":""},"tablet":{"background-color":"var(--ast-global-color-5)","background-image":"","background-repeat":"repeat","background-position":"center center","background-size":"auto","background-attachment":"scroll","background-type":"","background-media":"","overlay-type":"","overlay-color":"","overlay-opacity":"","overlay-gradient":""},"mobile":{"background-color":"var(--ast-global-color-5)","background-image":"","background-repeat":"repeat","background-position":"center center","background-size":"auto","background-attachment":"scroll","background-type":"","background-media":"","overlay-type":"","overlay-color":"","overlay-opacity":"","overlay-gradient":""}},"footnotes":""},"class_list":["post-232","page","type-page","status-publish","hentry"],"uagb_featured_image_src":{"full":false,"thumbnail":false,"medium":false,"medium_large":false,"large":false,"1536x1536":false,"2048x2048":false},"uagb_author_info":{"display_name":"admin","author_link":"https:\/\/hajusteyliherkkyys.com\/author\/admin\/"},"uagb_comment_info":0,"uagb_excerpt":"Yhdistys on vuodesta 2021 alkaen palkinnut sairastuneiden eteen merkitt\u00e4v\u00e4sti t\u00f6it\u00e4 tehneit\u00e4 ihmisi\u00e4 tai tahoja &#8221;Sis\u00e4ilmasankari&#8221;- kunniakirjoilla. Ensimm\u00e4isen kunniakirjan sai Rataskodit [&hellip;]","_links":{"self":[{"href":"https:\/\/hajusteyliherkkyys.com\/index.php\/wp-json\/wp\/v2\/pages\/232","targetHints":{"allow":["GET"]}}],"collection":[{"href":"https:\/\/hajusteyliherkkyys.com\/index.php\/wp-json\/wp\/v2\/pages"}],"about":[{"href":"https:\/\/hajusteyliherkkyys.com\/index.php\/wp-json\/wp\/v2\/types\/page"}],"author":[{"embeddable":true,"href":"https:\/\/hajusteyliherkkyys.com\/index.php\/wp-json\/wp\/v2\/users\/1"}],"replies":[{"embeddable":true,"href":"https:\/\/hajusteyliherkkyys.com\/index.php\/wp-json\/wp\/v2\/comments?post=232"}],"version-history":[{"count":10,"href":"https:\/\/hajusteyliherkkyys.com\/index.php\/wp-json\/wp\/v2\/pages\/232\/revisions"}],"predecessor-version":[{"id":415,"href":"https:\/\/hajusteyliherkkyys.com\/index.php\/wp-json\/wp\/v2\/pages\/232\/revisions\/415"}],"wp:attachment":[{"href":"https:\/\/hajusteyliherkkyys.com\/index.php\/wp-json\/wp\/v2\/media?parent=232"}],"curies":[{"name":"wp","href":"https:\/\/api.w.org\/{rel}","templated":true}]}}